{"id":21,"date":"2015-11-26T19:45:55","date_gmt":"2015-11-26T17:45:55","guid":{"rendered":"http:\/\/www.zirmuneliai.vilnius.lm.lt\/?page_id=21"},"modified":"2025-03-01T10:58:36","modified_gmt":"2025-03-01T08:58:36","slug":"viesieji-pirkimai","status":"publish","type":"page","link":"https:\/\/www.zirmuneliai.vilnius.lm.lt\/?page_id=21","title":{"rendered":"Vie\u0161ieji pirkimai"},"content":{"rendered":"<p>Vie\u0161uosius pirkimus galite matyti centriniame vie\u0161\u0173j\u0173 pirkim\u0173 portale (CVPP) <a href=\"https:\/\/cvpp.eviesiejipirkimai.lt\" target=\"_blank\" rel=\"noopener noreferrer\" data-saferedirecturl=\"https:\/\/www.google.com\/url?q=https:\/\/cvpp.eviesiejipirkimai.lt&amp;source=gmail&amp;ust=1610636506747000&amp;usg=AFQjCNHrZL36zTYcGzgNXl42eVybv3wozg\">https:\/\/cvpp.<wbr \/>eviesiejipirkimai.lt<\/a><\/p>\n<p><a href=\"http:\/\/www.zirmuneliai.vilnius.lm.lt\/wp-content\/uploads\/2021\/02\/Viesuju-pirkimu-organizavimo-taisykles-pdf.pdf\">Vie\u0161\u0173j\u0173 pirkim\u0173 organizavimo taisykles<\/a><\/p>\n<p><a href=\"http:\/\/www.zirmuneliai.vilnius.lm.lt\/wp-content\/uploads\/2025\/03\/2024-m.-vies.pirkimu-planas.pdf\">2024 m. vie\u0161\u0173j\u0173 pirkim\u0173 planas<\/a><\/p>\n<p><a href=\"http:\/\/www.zirmuneliai.vilnius.lm.lt\/wp-content\/uploads\/2025\/03\/2023m.-vies.pirkimu-planas.pdf\">2023 m. vie\u0161\u0173j\u0173 pirkim\u0173 planas<\/a><\/p>\n<p><a href=\"http:\/\/www.zirmuneliai.vilnius.lm.lt\/wp-content\/uploads\/2023\/01\/2022m.-vies.pirkimu-planas.pdf\">2022 m. vie\u0161\u0173j\u0173 pirkim\u0173 planas<\/a><\/p>\n<p><a href=\"http:\/\/www.zirmuneliai.vilnius.lm.lt\/wp-content\/uploads\/2021\/02\/2021m.-vies.pirkimu-planas.pdf\">2021 m. vie\u0161\u0173j\u0173 pirkim\u0173 planas<\/a><\/p>\n<p><a href=\"http:\/\/www.zirmuneliai.vilnius.lm.lt\/wp-content\/uploads\/2021\/02\/2020m.-vies.pirkimu-planas.pdf\">2020 m. vie\u0161\u0173j\u0173 pirkim\u0173 planas<\/a><\/p>\n<p><a href=\"http:\/\/www.zirmuneliai.vilnius.lm.lt\/wp-content\/uploads\/2021\/02\/2019m.-vies.pirkimu-planas.pdf\">2019 m. vie\u0161\u0173j\u0173 pirkim\u0173 planas<\/a><\/p>\n<p><a href=\"http:\/\/www.zirmuneliai.vilnius.lm.lt\/wp-content\/uploads\/2015\/11\/2019m.-planuojami-skelbiami-vie\u0161.pirkimai-.pdf\">2019 m. planuojami skelbiami vie\u0161.pirkimai<\/a><\/p>\n<p><a href=\"http:\/\/www.zirmuneliai.vilnius.lm.lt\/wp-content\/uploads\/2015\/11\/2018-m.-vie\u0161.pirkim\u0173-planas.pdf\">2018 m. vie\u0161.pirkim\u0173 planas<\/a><\/p>\n<p><a href=\"http:\/\/www.zirmuneliai.vilnius.lm.lt\/wp-content\/uploads\/2015\/11\/2017m.-vie\u0161.pirkim\u0173-planas.pdf\">2017 m. vie\u0161.pirkim\u0173 planas<\/a><\/p>\n<p>Supaprastint\u0173 vie\u0161\u0173j\u0173 pirkim\u0173 taisykl\u0117s<\/p>\n<p><a href=\"http:\/\/mw.eviesiejipirkimai.lt\/vpm\/SVPTS\/svpts_sarasas.asp?SBJ_ID=1020209193\">http:\/\/mw.eviesiejipirkimai.lt\/vpm\/SVPTS\/svpts_sarasas.asp?SBJ_ID=1020209193<\/a><\/p>\n","protected":false},"excerpt":{"rendered":"<p>Vie\u0161uosius pirkimus galite matyti centriniame vie\u0161\u0173j\u0173 pirkim\u0173 portale (CVPP) https:\/\/cvpp.eviesiejipirkimai.lt Vie\u0161\u0173j\u0173 pirkim\u0173 organizavimo taisykles 2024 m. vie\u0161\u0173j\u0173 pirkim\u0173 planas 2023 m. vie\u0161\u0173j\u0173 pirkim\u0173 planas 2022 m. vie\u0161\u0173j\u0173 pirkim\u0173 planas 2021 m. vie\u0161\u0173j\u0173 pirkim\u0173 planas 2020 m. vie\u0161\u0173j\u0173 pirkim\u0173 planas 2019 m. vie\u0161\u0173j\u0173 pirkim\u0173 planas 2019 m. planuojami skelbiami vie\u0161.pirkimai 2018 m. vie\u0161.pirkim\u0173 planas 2017 m. [&hellip;]<\/p>\n","protected":false},"author":1,"featured_media":0,"parent":1399,"menu_order":3,"comment_status":"closed","ping_status":"closed","template":"","meta":{"footnotes":""},"_links":{"self":[{"href":"https:\/\/www.zirmuneliai.vilnius.lm.lt\/index.php?rest_route=\/wp\/v2\/pages\/21"}],"collection":[{"href":"https:\/\/www.zirmuneliai.vilnius.lm.lt\/index.php?rest_route=\/wp\/v2\/pages"}],"about":[{"href":"https:\/\/www.zirmuneliai.vilnius.lm.lt\/index.php?rest_route=\/wp\/v2\/types\/page"}],"author":[{"embeddable":true,"href":"https:\/\/www.zirmuneliai.vilnius.lm.lt\/index.php?rest_route=\/wp\/v2\/users\/1"}],"replies":[{"embeddable":true,"href":"https:\/\/www.zirmuneliai.vilnius.lm.lt\/index.php?rest_route=%2Fwp%2Fv2%2Fcomments&post=21"}],"version-history":[{"count":11,"href":"https:\/\/www.zirmuneliai.vilnius.lm.lt\/index.php?rest_route=\/wp\/v2\/pages\/21\/revisions"}],"predecessor-version":[{"id":1757,"href":"https:\/\/www.zirmuneliai.vilnius.lm.lt\/index.php?rest_route=\/wp\/v2\/pages\/21\/revisions\/1757"}],"up":[{"embeddable":true,"href":"https:\/\/www.zirmuneliai.vilnius.lm.lt\/index.php?rest_route=\/wp\/v2\/pages\/1399"}],"wp:attachment":[{"href":"https:\/\/www.zirmuneliai.vilnius.lm.lt\/index.php?rest_route=%2Fwp%2Fv2%2Fmedia&parent=21"}],"curies":[{"name":"wp","href":"https:\/\/api.w.org\/{rel}","templated":true}]}}