{"id":459,"date":"2020-09-25T17:25:57","date_gmt":"2020-09-25T14:25:57","guid":{"rendered":"http:\/\/www.zirmuneliai.vilnius.lm.lt\/?page_id=459"},"modified":"2024-03-29T21:58:14","modified_gmt":"2024-03-29T19:58:14","slug":"meninio-ugdymo-pedagogas","status":"publish","type":"page","link":"https:\/\/www.zirmuneliai.vilnius.lm.lt\/?page_id=459","title":{"rendered":"Meninio ugdymo pedagogas"},"content":{"rendered":"<div><b><i>Laba diena visiems vaiku\u010diams, t\u0117veliams, aukl\u0117tojoms ir tiems, kas nori muzikuoti \ud83d\ude42\u00a0<\/i><\/b><\/div>\n<div><b><i>\u00a0Labai tikiuosi, kad toks muzikavimo b\u016bdas truks neilgai ir mes v\u0117l gal\u0117sime susitikti sal\u0117je:). Kadangi ruden\u0117lis jau pusto padukus, o \u017eiemu\u017e\u0117 skuba pas vaikus, mes visi kartu\u00a0<\/i><\/b><\/div>\n<div><b><i>\u00a0&#8222;RUDEN\u0116L\u012e I\u0160LYD\u0116KIM IR \u017dIEMU\u017d\u0118 PASITIKIM :)!&#8221;<\/i><\/b><\/div>\n<div><\/div>\n<div>1. &#8222;ZUIKU\u010cI\u0172&#8221;, &#8222;VI\u0160\u010cIUK\u0172&#8221;, &#8222;DAINOR\u0116LI\u0172&#8221;, &#8222;GILIUK\u0172&#8221; IR &#8222;OBUOLIUK\u0172&#8221; VAIK\u0172 GRUP\u0116MS<br \/>\n<a href=\"https:\/\/padlet.com\/dangusten1\/y2b56pe5lda3bry9\" target=\"_blank\" rel=\"noopener\" data-saferedirecturl=\"https:\/\/www.google.com\/url?q=https:\/\/padlet.com\/dangusten1\/y2b56pe5lda3bry9&amp;source=gmail&amp;ust=1606243797286000&amp;usg=AOvVaw0S4MPtbcCXwpjhZdm3G87G\">https:\/\/padlet.com\/dangusten1\/<wbr \/>y2b56pe5lda3bry9<\/a><\/div>\n<div><\/div>\n<div>2. &#8222;SPALVELI\u0172&#8221; IR &#8222;DRUGELI\u0172&#8221; VAIK\u0172 GRUP\u0116MS:)<br \/>\n<a href=\"https:\/\/padlet.com\/dangusten1\/exwyp1xiu2hwaa0i\" target=\"_blank\" rel=\"noopener\" data-saferedirecturl=\"https:\/\/www.google.com\/url?q=https:\/\/padlet.com\/dangusten1\/exwyp1xiu2hwaa0i&amp;source=gmail&amp;ust=1606243797286000&amp;usg=AOvVaw2bxczV-CkzVhrEWrztrP9-\">https:\/\/padlet.com\/dangusten1\/<wbr \/>exwyp1xiu2hwaa0i<\/a><\/div>\n<div><\/div>\n<div>3. &#8222;DEBES\u0116LI\u0172&#8221; IR &#8222;SAULU\u010cI\u0172&#8221; VAIK\u0172 GRUP\u0116MS<br \/>\n<a href=\"https:\/\/padlet.com\/dangusten1\/Bookmarks\" target=\"_blank\" rel=\"noopener\" data-saferedirecturl=\"https:\/\/www.google.com\/url?q=https:\/\/padlet.com\/dangusten1\/Bookmarks&amp;source=gmail&amp;ust=1606243797286000&amp;usg=AOvVaw3t0zjbEszgHWX7SCl3xtJn\">https:\/\/padlet.com\/dangusten1\/<wbr \/>Bookmarks<\/a><\/div>\n<div><\/div>\n<div>4. &#8222;\u017dVIRBLIUK\u0172&#8221;, &#8222;BORU\u017dIUK\u0172&#8221; IR &#8222;E\u017dIUK\u0172&#8221; GRUPI\u0172 VAIKAMS:)<br \/>\n<a href=\"https:\/\/padlet.com\/dangusten1\/myolvb97302kltps\" target=\"_blank\" rel=\"noopener\" data-saferedirecturl=\"https:\/\/www.google.com\/url?q=https:\/\/padlet.com\/dangusten1\/myolvb97302kltps&amp;source=gmail&amp;ust=1606243797286000&amp;usg=AOvVaw3cpGVaizYFEssDFwNoDa-m\">https:\/\/padlet.com\/dangusten1\/<wbr \/>myolvb97302kltps<\/a><\/div>\n","protected":false},"excerpt":{"rendered":"<p>Laba diena visiems vaiku\u010diams, t\u0117veliams, aukl\u0117tojoms ir tiems, kas nori muzikuoti \ud83d\ude42\u00a0 \u00a0Labai tikiuosi, kad toks muzikavimo b\u016bdas truks neilgai ir mes v\u0117l gal\u0117sime susitikti sal\u0117je:). Kadangi ruden\u0117lis jau pusto padukus, o \u017eiemu\u017e\u0117 skuba pas vaikus, mes visi kartu\u00a0 \u00a0&#8222;RUDEN\u0116L\u012e I\u0160LYD\u0116KIM IR \u017dIEMU\u017d\u0118 PASITIKIM :)!&#8221; 1. &#8222;ZUIKU\u010cI\u0172&#8221;, &#8222;VI\u0160\u010cIUK\u0172&#8221;, &#8222;DAINOR\u0116LI\u0172&#8221;, &#8222;GILIUK\u0172&#8221; IR &#8222;OBUOLIUK\u0172&#8221; VAIK\u0172 GRUP\u0116MS https:\/\/padlet.com\/dangusten1\/y2b56pe5lda3bry9 [&hellip;]<\/p>\n","protected":false},"author":1,"featured_media":0,"parent":17,"menu_order":1,"comment_status":"closed","ping_status":"closed","template":"","meta":{"footnotes":""},"_links":{"self":[{"href":"https:\/\/www.zirmuneliai.vilnius.lm.lt\/index.php?rest_route=\/wp\/v2\/pages\/459"}],"collection":[{"href":"https:\/\/www.zirmuneliai.vilnius.lm.lt\/index.php?rest_route=\/wp\/v2\/pages"}],"about":[{"href":"https:\/\/www.zirmuneliai.vilnius.lm.lt\/index.php?rest_route=\/wp\/v2\/types\/page"}],"author":[{"embeddable":true,"href":"https:\/\/www.zirmuneliai.vilnius.lm.lt\/index.php?rest_route=\/wp\/v2\/users\/1"}],"replies":[{"embeddable":true,"href":"https:\/\/www.zirmuneliai.vilnius.lm.lt\/index.php?rest_route=%2Fwp%2Fv2%2Fcomments&post=459"}],"version-history":[{"count":3,"href":"https:\/\/www.zirmuneliai.vilnius.lm.lt\/index.php?rest_route=\/wp\/v2\/pages\/459\/revisions"}],"predecessor-version":[{"id":1518,"href":"https:\/\/www.zirmuneliai.vilnius.lm.lt\/index.php?rest_route=\/wp\/v2\/pages\/459\/revisions\/1518"}],"up":[{"embeddable":true,"href":"https:\/\/www.zirmuneliai.vilnius.lm.lt\/index.php?rest_route=\/wp\/v2\/pages\/17"}],"wp:attachment":[{"href":"https:\/\/www.zirmuneliai.vilnius.lm.lt\/index.php?rest_route=%2Fwp%2Fv2%2Fmedia&parent=459"}],"curies":[{"name":"wp","href":"https:\/\/api.w.org\/{rel}","templated":true}]}}