{"id":483,"date":"2020-09-25T17:57:55","date_gmt":"2020-09-25T14:57:55","guid":{"rendered":"http:\/\/www.zirmuneliai.vilnius.lm.lt\/?page_id=483"},"modified":"2025-02-05T14:14:58","modified_gmt":"2025-02-05T12:14:58","slug":"prasymu-formos","status":"publish","type":"page","link":"https:\/\/www.zirmuneliai.vilnius.lm.lt\/?page_id=483","title":{"rendered":"Pra\u0161ym\u0173 formos ir aktual\u016bs dokumentai"},"content":{"rendered":"<p><strong>T\u0117vams<\/strong><\/p>\n<p><a href=\"http:\/\/www.zirmuneliai.vilnius.lm.lt\/wp-content\/uploads\/2025\/02\/Tevu-prasymas-1.docx\">T\u0117v\u0173 pra\u0161ymas<\/a><\/p>\n<p><a href=\"http:\/\/www.zirmuneliai.vilnius.lm.lt\/wp-content\/uploads\/2025\/02\/Tevu-prasymas-del-perkelimo-ugdyti-pagal-priesmokyklinio-ugdymo-programa-2.docx\">T\u0117v\u0173 pra\u0161ymas d\u0117l perk\u0117limo ugdyti pagal prie\u0161mokyklinio ugdymo program\u0105<\/a><\/p>\n<p><a href=\"http:\/\/www.zirmuneliai.vilnius.lm.lt\/wp-content\/uploads\/2024\/09\/Vaiku-lankomumo-apskaitos-tvarkos-aprasas_ZIRMUNELIAI.pdf\">Vaik\u0173 lankomumo apskaitos tvarkos apra\u0161as<\/a><\/p>\n<p><a href=\"http:\/\/www.zirmuneliai.vilnius.lm.lt\/wp-content\/uploads\/2024\/11\/1-priedas.-Del-nelankytu-ugdymo-dienu-pateisinimo.docx\">1 priedas. D\u0117l nelankyt\u0173 ugdymo dien\u0173 pateisinimo<\/a><\/p>\n<p><a href=\"http:\/\/www.zirmuneliai.vilnius.lm.lt\/wp-content\/uploads\/2024\/11\/2-priedas.-Del-vaiko-ligos-pateisinimo.docx\">2 priedas. D\u0117l vaiko ligos pateisinimo<\/a><\/p>\n<p><a href=\"http:\/\/www.zirmuneliai.vilnius.lm.lt\/wp-content\/uploads\/2024\/10\/3-priedas.-Del-vaiko-atvedimo-ir-ar-paemimo.docx\">3 priedas. D\u0117l vaiko atvedimo ir ar pa\u0117mimo<\/a><\/p>\n<p><a href=\"http:\/\/www.zirmuneliai.vilnius.lm.lt\/wp-content\/uploads\/2024\/10\/4-priedas.-Del-mokescio-lengvatos-taikymo.docx\">4 priedas. D\u0117l mokes\u010dio lengvatos taikymo<\/a><\/p>\n<p><a href=\"http:\/\/www.zirmuneliai.vilnius.lm.lt\/wp-content\/uploads\/2024\/10\/5-priedas.-Del-mokesciu-taikymo.docx\">5 priedas. D\u0117l mokes\u010di\u0173 taikymo<\/a><\/p>\n<p><a href=\"http:\/\/www.zirmuneliai.vilnius.lm.lt\/wp-content\/uploads\/2024\/10\/6-priedas.-Del-4-val-ugdymo-modelio-pasirinkimo.docx\">6 priedas. D\u0117l 4 val ugdymo modelio pasirinkimo<\/a><\/p>\n<p><a href=\"http:\/\/www.zirmuneliai.vilnius.lm.lt\/wp-content\/uploads\/2024\/10\/7-priedas.-Del-lankymo-visa-diena.docx\">7 priedas. D\u0117l lankymo vis\u0105 dien\u0105<\/a><\/p>\n<p><a href=\"http:\/\/www.zirmuneliai.vilnius.lm.lt\/wp-content\/uploads\/2024\/10\/8-priedas.-Del-isbraukimo-is-darzelio-sarasu.docx\">8 priedas. D\u0117l i\u0161braukimo i\u0161 dar\u017eelio s\u0105ra\u0161\u0173<\/a><\/p>\n<p><a href=\"http:\/\/www.zirmuneliai.vilnius.lm.lt\/wp-content\/uploads\/2024\/10\/9-priedas.-Lankomumo-zymejimo-forma.docx\">9 priedas. Lankomumo \u017eym\u0117jimo forma<\/a><\/p>\n<p><strong>Darbuotojams<\/strong><\/p>\n<p><a href=\"http:\/\/www.zirmuneliai.vilnius.lm.lt\/wp-content\/uploads\/2022\/05\/Darbuotojo-prasymas-direktoriui.docx\">Darbuotojo pra\u0161ymas direktoriui<\/a><\/p>\n<p><a href=\"http:\/\/www.zirmuneliai.vilnius.lm.lt\/wp-content\/uploads\/2022\/05\/Darbuotojo-prasymas-del-atostogu.docx\">Darbuotojo pra\u0161ymas d\u0117l atostog\u0173<\/a><\/p>\n<p><a href=\"http:\/\/www.zirmuneliai.vilnius.lm.lt\/wp-content\/uploads\/2022\/05\/Darbuotojo-prasymas-del-neapmokamu-atostogu.docx\">Darbuotojo pra\u0161ymas d\u0117l neapmokam\u0173 atostog\u0173<\/a><\/p>\n<p><a href=\"http:\/\/www.zirmuneliai.vilnius.lm.lt\/wp-content\/uploads\/2022\/05\/Darbuotojo-prasymas-del-atleidimo-is-darbo.docx\">Darbuotojo pra\u0161ymas d\u0117l atleidimo i\u0161 darbo<\/a><\/p>\n","protected":false},"excerpt":{"rendered":"<p>T\u0117vams T\u0117v\u0173 pra\u0161ymas T\u0117v\u0173 pra\u0161ymas d\u0117l perk\u0117limo ugdyti pagal prie\u0161mokyklinio ugdymo program\u0105 Vaik\u0173 lankomumo apskaitos tvarkos apra\u0161as 1 priedas. D\u0117l nelankyt\u0173 ugdymo dien\u0173 pateisinimo 2 priedas. D\u0117l vaiko ligos pateisinimo 3 priedas. D\u0117l vaiko atvedimo ir ar pa\u0117mimo 4 priedas. D\u0117l mokes\u010dio lengvatos taikymo 5 priedas. D\u0117l mokes\u010di\u0173 taikymo 6 priedas. D\u0117l 4 val ugdymo [&hellip;]<\/p>\n","protected":false},"author":1,"featured_media":0,"parent":27,"menu_order":1,"comment_status":"closed","ping_status":"closed","template":"","meta":{"footnotes":""},"_links":{"self":[{"href":"https:\/\/www.zirmuneliai.vilnius.lm.lt\/index.php?rest_route=\/wp\/v2\/pages\/483"}],"collection":[{"href":"https:\/\/www.zirmuneliai.vilnius.lm.lt\/index.php?rest_route=\/wp\/v2\/pages"}],"about":[{"href":"https:\/\/www.zirmuneliai.vilnius.lm.lt\/index.php?rest_route=\/wp\/v2\/types\/page"}],"author":[{"embeddable":true,"href":"https:\/\/www.zirmuneliai.vilnius.lm.lt\/index.php?rest_route=\/wp\/v2\/users\/1"}],"replies":[{"embeddable":true,"href":"https:\/\/www.zirmuneliai.vilnius.lm.lt\/index.php?rest_route=%2Fwp%2Fv2%2Fcomments&post=483"}],"version-history":[{"count":16,"href":"https:\/\/www.zirmuneliai.vilnius.lm.lt\/index.php?rest_route=\/wp\/v2\/pages\/483\/revisions"}],"predecessor-version":[{"id":1741,"href":"https:\/\/www.zirmuneliai.vilnius.lm.lt\/index.php?rest_route=\/wp\/v2\/pages\/483\/revisions\/1741"}],"up":[{"embeddable":true,"href":"https:\/\/www.zirmuneliai.vilnius.lm.lt\/index.php?rest_route=\/wp\/v2\/pages\/27"}],"wp:attachment":[{"href":"https:\/\/www.zirmuneliai.vilnius.lm.lt\/index.php?rest_route=%2Fwp%2Fv2%2Fmedia&parent=483"}],"curies":[{"name":"wp","href":"https:\/\/api.w.org\/{rel}","templated":true}]}}