{"id":8,"date":"2015-11-26T19:36:13","date_gmt":"2015-11-26T17:36:13","guid":{"rendered":"http:\/\/www.zirmuneliai.vilnius.lm.lt\/?page_id=8"},"modified":"2026-01-27T09:02:21","modified_gmt":"2026-01-27T07:02:21","slug":"struktura-ir-kontaktai","status":"publish","type":"page","link":"https:\/\/www.zirmuneliai.vilnius.lm.lt\/?page_id=8","title":{"rendered":"Strukt\u016bra ir kontaktai"},"content":{"rendered":"<p><strong>Direktor\u0117<\/strong><\/p>\n<p><strong><a href=\"http:\/\/www.zirmuneliai.vilnius.lm.lt\/wp-content\/uploads\/2025\/07\/Zirmuneliai-2-Copy.jpg\"><img loading=\"lazy\" decoding=\"async\" class=\"alignnone size-full wp-image-1813\" src=\"http:\/\/www.zirmuneliai.vilnius.lm.lt\/wp-content\/uploads\/2025\/07\/Zirmuneliai-2-Copy.jpg\" alt=\"\" width=\"181\" height=\"242\" \/><\/a><br \/>\nRasa Grigali\u016bnien\u0117<br \/>\n<\/strong>tel. +37052766398<br \/>\nmob. +37061868258<br \/>\nrasa.grigaliuniene@zirmuneliai.vilnius.lm.lt<\/p>\n<p><a href=\"http:\/\/www.zirmuneliai.vilnius.lm.lt\/wp-content\/uploads\/2026\/01\/Veiklos-ataskaita-2025.pdf\">Veiklos ataskaita 2025<\/a><br \/>\n<a href=\"http:\/\/www.zirmuneliai.vilnius.lm.lt\/wp-content\/uploads\/2025\/01\/Veiklos-ataskaita-2024.pdf\">Veiklos ataskaita 2024<\/a><br \/>\n<a href=\"http:\/\/www.zirmuneliai.vilnius.lm.lt\/wp-content\/uploads\/2024\/01\/Veiklos-ataskaita-2023.pdf\">Veiklos ataskaita 2023<\/a><br \/>\n<a href=\"http:\/\/www.zirmuneliai.vilnius.lm.lt\/wp-content\/uploads\/2023\/01\/Ataskaitos-forma-Zirmuneliai-2022.pdf\">Veiklos ataskaita 2022<\/a><br \/>\n<a href=\"http:\/\/www.zirmuneliai.vilnius.lm.lt\/wp-content\/uploads\/2022\/01\/Veiklos-ataskaita-2021.pdf\">Veiklos ataskaita 2021<\/a><br \/>\n<a href=\"http:\/\/www.zirmuneliai.vilnius.lm.lt\/wp-content\/uploads\/2021\/01\/2020-m.-veiklos-ataskaita.pdf\">Veiklos ataskaita 2020<\/a><br \/>\n<a href=\"http:\/\/www.zirmuneliai.vilnius.lm.lt\/wp-content\/uploads\/2015\/11\/Vadovo-veiklos-ataskaita-192.pdf\">Veiklos ataskaita 2019<\/a><br \/>\n<a href=\"http:\/\/www.zirmuneliai.vilnius.lm.lt\/wp-content\/uploads\/2015\/11\/Met\u0173-veiklos-ataskaita-2018.pdf\">Veiklos ataskaita 2018<\/a><\/p>\n<p><strong>Direktoriaus pavaduotojas ugdymui<br \/>\n<\/strong>tel. +37052766398<br \/>\nloreta.dubako@zirmuneliai.vilnius.lm.lt<\/p>\n<p><strong>Direktoriaus pavaduotojas \u016bkio reikalams<br \/>\n<\/strong>tel. +37052766397<br \/>\nkrystina.kavsin@zirmuneliai.vilnius.lm.lt<\/p>\n<p><strong>Sekretorius<br \/>\n<\/strong>tel. +37052766398<br \/>\nrastine@zirmuneliai.vilnius.lm.lt<\/p>\n<p><strong>Facebook puslapis<br \/>\n<\/strong><a href=\"https:\/\/www.facebook.com\/Zirmuneliai.darzelis\">https:\/\/www.facebook.com\/Zirmuneliai.darzelis<\/a><\/p>\n<p><a href=\"http:\/\/www.zirmuneliai.vilnius.lm.lt\/wp-content\/uploads\/2016\/04\/Juostel\u0117.jpg\"><img loading=\"lazy\" decoding=\"async\" class=\"alignnone size-full wp-image-60\" src=\"http:\/\/www.zirmuneliai.vilnius.lm.lt\/wp-content\/uploads\/2016\/04\/Juostel\u0117.jpg\" alt=\"\" width=\"1000\" height=\"288\" srcset=\"https:\/\/www.zirmuneliai.vilnius.lm.lt\/wp-content\/uploads\/2016\/04\/Juostel\u0117.jpg 1000w, https:\/\/www.zirmuneliai.vilnius.lm.lt\/wp-content\/uploads\/2016\/04\/Juostel\u0117-300x86.jpg 300w, https:\/\/www.zirmuneliai.vilnius.lm.lt\/wp-content\/uploads\/2016\/04\/Juostel\u0117-500x144.jpg 500w\" sizes=\"(max-width: 1000px) 100vw, 1000px\" \/><\/a><\/p>\n","protected":false},"excerpt":{"rendered":"<p>Direktor\u0117 Rasa Grigali\u016bnien\u0117 tel. +37052766398 mob. +37061868258 rasa.grigaliuniene@zirmuneliai.vilnius.lm.lt Veiklos ataskaita 2025 Veiklos ataskaita 2024 Veiklos ataskaita 2023 Veiklos ataskaita 2022 Veiklos ataskaita 2021 Veiklos ataskaita 2020 Veiklos ataskaita 2019 Veiklos ataskaita 2018 Direktoriaus pavaduotojas ugdymui tel. +37052766398 loreta.dubako@zirmuneliai.vilnius.lm.lt Direktoriaus pavaduotojas \u016bkio reikalams tel. +37052766397 krystina.kavsin@zirmuneliai.vilnius.lm.lt Sekretorius tel. +37052766398 rastine@zirmuneliai.vilnius.lm.lt Facebook puslapis https:\/\/www.facebook.com\/Zirmuneliai.darzelis<\/p>\n","protected":false},"author":1,"featured_media":0,"parent":0,"menu_order":0,"comment_status":"closed","ping_status":"closed","template":"","meta":{"footnotes":""},"_links":{"self":[{"href":"https:\/\/www.zirmuneliai.vilnius.lm.lt\/index.php?rest_route=\/wp\/v2\/pages\/8"}],"collection":[{"href":"https:\/\/www.zirmuneliai.vilnius.lm.lt\/index.php?rest_route=\/wp\/v2\/pages"}],"about":[{"href":"https:\/\/www.zirmuneliai.vilnius.lm.lt\/index.php?rest_route=\/wp\/v2\/types\/page"}],"author":[{"embeddable":true,"href":"https:\/\/www.zirmuneliai.vilnius.lm.lt\/index.php?rest_route=\/wp\/v2\/users\/1"}],"replies":[{"embeddable":true,"href":"https:\/\/www.zirmuneliai.vilnius.lm.lt\/index.php?rest_route=%2Fwp%2Fv2%2Fcomments&post=8"}],"version-history":[{"count":33,"href":"https:\/\/www.zirmuneliai.vilnius.lm.lt\/index.php?rest_route=\/wp\/v2\/pages\/8\/revisions"}],"predecessor-version":[{"id":1906,"href":"https:\/\/www.zirmuneliai.vilnius.lm.lt\/index.php?rest_route=\/wp\/v2\/pages\/8\/revisions\/1906"}],"wp:attachment":[{"href":"https:\/\/www.zirmuneliai.vilnius.lm.lt\/index.php?rest_route=%2Fwp%2Fv2%2Fmedia&parent=8"}],"curies":[{"name":"wp","href":"https:\/\/api.w.org\/{rel}","templated":true}]}}